e units digit of y?
3
Let u be (12/8)/((-1)/(-24)). What is the tens digit of 906/u + 3/(-18)?
2
Suppose -5*q - 4*b + 4 = -11, 0 = 5*q - 4*b - 15. Let a = q + 110. What is the tens digit of a?
1
Let d = -1635 - -4067. What is the units digit of d?
2
Let c(o) = -o**3 + 20*o**2 + 32*o - 36. What is the hundreds digit of c(21)?
1
Suppose 1 = 3*z - 5. Suppose z = 2*n + 6. What is the tens digit of 20 + -4*(-1)/n?
1
Let c = 146 + -150. Let h(u) = -41*u + 33. What is the units digit of h(c)?
7
Let r be 35/15 + (-2)/(-3). Suppose 2*g + r*g - 295 = 0. Suppose -5*w + 1 = -g. What is the tens digit of w?
1
Let d = 2118 + 1124. What is the thousands digit of d?
3
Suppose 0 = 4*o - 3*f + 80, -5*o + 0*f = -4*f + 100. Let n be o/50 + 24/10. What is the units digit of -2*5*n/(-4)?
5
Let t be 4340/42 + (-1)/3. Let i = 4 + t. Suppose 13 = 5*q - i. What is the units digit of q?
4
Let i be 42/(-6)*6/7. Let r(h) = h**3 + 8*h**2 + 5*h + 3. What is the tens digit of r(i)?
4
Let x be (1 - (0 + -2))*-1. Let a = -3 - x. Suppose a = -4*d - 20 + 52. What is the units digit of d?
8
Let m(p) = -7*p**3 + 2*p + 1. Let d be m(-2). Let z = 22 + d. What is the units digit of z?
5
Let v(q) be the first derivative of -q**2/2 + 15*q - 4. Let t be v(-11). Let i = 0 + t. What is the units digit of i?
6
Let u = 215 - 96. Suppose 124*k = u*k + 215. What is the units digit of k?
3
What is the units digit of 212/(-8)*20/(-5)?
6
Let i(j) = 452*j**3 - 3*j**2 + 4*j - 3. What is the tens digit of i(1)?
5
Let s = 12 - 9. Suppose -s*i = -187 - 29. What is the units digit of i?
2
Suppose -470 = -9*i + 547. What is the tens digit of i?
1
Let j be 14/(-42)*0/(-2). Suppose j = g - 5*g + 1296. What is the tens digit of g?
2
Suppose 4*p - 432 = m + 47, -2*p = 2*m - 252. Suppose -4*s + 113 + p = -2*u, 0 = -2*u - 6. What is the tens digit of s?
5
Let o(q) = q**2 - 2*q. Let z be o(3). Let j be (15/(-20))/((-1)/20) + -1. Suppose -4*y = -z*t - j, -5*y - t = -4*y. What is the units digit of y?
2
Suppose -378 = -s + 501. What is the tens digit of s?
7
Let b be 4 + (-17)/1 - -1. Let n be (-1 - 2)*28/b. Let w = n + 44. What is the units digit of w?
1
Let p be -4*((-42)/(-8) + -3). Let n(o) = o**3 + 8*o**2 - 10*o - 19. Let c be n(p). Let a(d) = d**2 + 3*d - 2. What is the units digit of a(c)?
8
What is the tens digit of 3880*(10 - (-455)/(-52))?
5
Let w(x) = -x**2 + 9*x - 14. Suppose 3*f + 28 = 7*f. Let z be w(f). Suppose z*j + 40 = 2*j. What is the tens digit of j?
2
Let p(m) = -2*m - 3. Let l(n) = n + 1. Let d(q) = 7*l(q) + 4*p(q). What is the units digit of d(-6)?
1
Let h be ((-8)/12)/(4/(-186)). Let f(g) = -2*g + 3. Let t be f(0). Suppose t = 3*q, -3*q + h = 3*p - 2*q. What is the tens digit of p?
1
Suppose 0*t = 2*t + 142. Let c = t + 120. What is the units digit of c?
9
Let q(p) = -7*p**3 - p**2. Let t be q(-1). Let l = t + -1. Suppose 0 = 2*n + l*i - 42, -3*i = -4*i. What is the units digit of n?
1
Let v(g) = 2*g**3 + 3*g**2 - 9*g + 6. Let f be v(5). Let s = f - 112. What is the tens digit of s?
7
Let r = 88 + -86. Suppose 2*x - r*b = 3*b + 191, 0 = -5*x - 3*b + 462. What is the tens digit of x?
9
What is the units digit of -3*2/(-3) + 981?
3
Let d(m) = -5*m**3 - 2*m**2 - 3*m. Let t be d(-3). Suppose -57 = r - 121. What is the tens digit of (r/48)/(4/t)?
4
Let z = -12 + 17. Suppose -z*h - 140 = 5*b, 0 = -b - 5*h + 4 - 12. What is the units digit of 0 + 3 - b - -3?
9
Suppose -o - b - 9 = 0, 3*o + 30 = -4*b + 1. Let z(t) = -t**3 - t**2 + 5*t. What is the hundreds digit of z(o)?
2
What is the units digit of (17517/33)/1 - 14/(-77)?
1
Let u = -47 + 107. Suppose 99 = -4*c - v, 2*v = 3*c - 2*v + u. Let o = c - -84. What is the tens digit of o?
6
What is the hundreds digit of ((-8)/18)/(14/(-10521))?
3
Suppose -3*t + 3127 = 2*z - 642, 5 = z. What is the tens digit of t?
5
Let w(o) = 5*o**2 - 8*o - 14. What is the tens digit of w(-4)?
9
Let u(s) = -24*s + 386. What is the tens digit of u(-37)?
7
Let u = 43 + -40. What is the tens digit of ((-9)/2)/(u/(-30)) - 2?
4
Suppose 12 = -44*a + 47*a, -5*q + 7423 = -3*a. What is the hundreds digit of q?
4
Let x = -2577 - -4427. What is the tens digit of x?
5
What is the thousands digit of 4240*2/20*(-13 - -17)?
1
Suppose -4*q + 467 = 55. What is the tens digit of q?
0
Let o(i) = 22*i - 15. Let s be o(12). What is the hundreds digit of s - (-5 - 4/(-4))?
2
Suppose 23 = 5*x - 107. Suppose 5*m + 6 - x = 0. Suppose -s - m = -q - 9, -s - 10 = -4*q. What is the tens digit of s?
1
Suppose 0 = -2*t - 4*f + 6*f + 928, 5*f - 10 = 0. What is the tens digit of t?
6
Let y(c) = -c**3 + 1. Let n(j) = -j**3 - 12*j**2 + 2*j + 2. Let p(u) = n(u) - 2*y(u). What is the tens digit of p(12)?
2
Let n(s) = s**2 + 8*s + 10. Let h be n(-7). Suppose -5*d = -h*d - 138. What is the units digit of d?
9
Let w be 9/3 - (1 - 2). Let d be (10/w)/1*2. Let l(t) = t**3 - 5*t**2 + 2*t - 4. What is the units digit of l(d)?
6
What is the hundreds digit of (3822/(-245))/(3/(-710))?
6
Let l = 2538 - 627. What is the units digit of l?
1
Suppose 4*m - 5*c + 2 + 3 = 0, c - 1 = -m. Suppose 6*y - 648 = -m*y. What is the tens digit of y?
0
Let j = -434 + 226. Let u = 354 + j. What is the units digit of u?
6
Suppose 95932 = -11*x + 40*x. What is the hundreds digit of x?
3
Let x(n) = 62*n**2 + 21*n + 67. What is the units digit of x(-4)?
5
Suppose -11768 = 105*l - 109*l. What is the tens digit of l?
4
Let u be ((-4)/10)/((-2)/30). Suppose -29*v + 15*v = 0. Suppose v*o = -u*o + 84. What is the tens digit of o?
1
Let t = 115 + -98. Let q = t + 157. What is the tens digit of q?
7
Let c be ((-6)/10)/(26/(-5) - -5). Suppose -p + 5*s + 71 = 0, s + 259 = 2*p + c*p. What is the tens digit of p?
5
Suppose -5*h = -4*d - 4064, 4*h - 4*d - 3247 = -5*d. What is the hundreds digit of h?
8
Let z(c) = c**3 + 9*c**2 + 5*c - 4. Let h be z(-4). Let f = -40 - -10. Let k = h + f. What is the units digit of k?
6
Let d(x) = 86*x - 296. What is the units digit of d(10)?
4
Let s = 5 + 11. Let q = -28 + s. What is the tens digit of 6*-20*2/q?
2
Let o(x) = x**2 + 3*x - 1. Let k be o(0). Let i(l) = 2*l + 2. Let n be i(k). Suppose n = 2*c + 49 - 147. What is the units digit of c?
9
Let q = 327 + -182. Let g = q + 141. Suppose o = -3*x - 2*o + 186, -o - g = -5*x. What is the tens digit of x?
5
Let f = 756 + -109. Suppose 5*q - f = 578. What is the units digit of q?
5
Let n(l) be the third derivative of 7*l**5/60 - 3*l**4/8 + l**3/3 + 8*l**2. Let w(x) be the first derivative of n(x). What is the units digit of w(4)?
7
What is the tens digit of ((-23)/(184/(-10128)))/((-6)/(-3))?
3
What is the hundreds digit of 9/(243/7065) - 2/(-6)?
2
Let d = -31 - -33. Suppose 0 = q + b - 6, -8*q = -3*q - 3*b - 6. Suppose 6*c - 3*c - 73 = -d*f, q*c = 15. What is the units digit of f?
9
Suppose 0 = -7*z + 3*z + 8. Let l be (9/z)/((-2)/28). Let h = l - -106. What is the tens digit of h?
4
Let l = 220 + -397. Let x = -124 - l. Suppose 4*u - 49 = -t - u, 2*t + u = x. What is the units digit of t?
4
Let g = -105 - -79. Suppose -5*w + 2*n = 281, -5*w + 3*n = -n + 277. Let d = g - w. What is the units digit of d?
1
Let o = -86 - -89. Let x(h) = 17*h**2 - 2*h + 9. What is the hundreds digit of x(o)?
1
Let o be (-1 + (-33)/(-15))/(9/30). Suppose o*y + f - 289 = y, -210 = -2*y - 5*f. What is the tens digit of y?
9
Let u = -276 + 723. What is the hundreds digit of u?
4
Let t = 293 + -251. What is the tens digit of t?
4
What is the hundreds digit of (-50796)/(-30) - (-4)/(-20)?
6
Let i(s) be the third derivative of 0 + 1/3*s**4 + 0*s + 6*s**2 - 7/3*s**3 + 1/60*s**5. What is the tens digit of i(-12)?
3
Let r(u) = -17*u - 1. Let z be r(-1). Suppose -175*c + 179*c = 16. Suppose -4*d - c = -z. What is the units digit of d?
3
What is the hundreds digit of (7/28)/((-1)/5444)*-1?
3
What is the hundreds digit of (-1389730)/(-744) + 1/12?
8
Let l(d) = 15*d - 17 + 12*d**2 - 27*d - 8*d**2. What is the tens digit of l(8)?
4
Let j = 19 - 18. Let m be (-1 + 4 + j)*1. Let f(p) = p**3 - p**2 + 4*p - 5. What is the tens digit of f(m)?
5
Let o be (9 + -8)/(1/5). Suppose -o*m + 12 = -m. Suppose -4*l + 59 + 136 = m*c, -4*l + 201 = c. What is the units digit of l?
1
Let a(s) = s**2 + 5*s + 6. Let v be a(-4). What is the units digit of (-10)/v*1 + 177?
2
Suppose 0 = 4*u - 4, 2*p + 105 = u - 2